s z(-220)?
-3
Let k(m) = m**3 - 11*m**2 - 24*m - 17. Calculate k(14).
235
Let v(f) = f**2 + 13*f + 11. Give v(-4).
-25
Let s(g) = 5809*g - 11604. Determine s(2).
14
Let r(p) = 3*p**2 + 10*p + 71. Determine r(-7).
148
Let c(i) = 1151*i - 6905. What is c(6)?
1
Let x(t) = t**3 - 10*t**2 - 31*t + 146. Determine x(4).
-74
Let i(t) = 9573*t - 28725. Calculate i(3).
-6
Let t(j) = -47*j - 217. What is t(-4)?
-29
Let t(g) = 202*g + 16560. What is t(-82)?
-4
Let k(r) = -6*r + 206. Calculate k(36).
-10
Let j(c) = 147*c - 50. Give j(1).
97
Let k(v) = 423*v**2 + 6340*v - 97. What is k(-15)?
-22
Let x(n) = 1208*n + 1202. What is x(-1)?
-6
Let k(a) = 63*a + 115. Give k(-3).
-74
Let c(h) = 4*h**2 + h - 13. Determine c(-8).
235
Let t(g) = -g**3 + g**2 - g - 4. Calculate t(-3).
35
Let h(w) = -2*w**3 - 7*w**2 - 4*w - 76. Give h(-6).
128
Let f(q) = q**2 + 95*q + 2123. What is f(-36)?
-1
Let b(d) = -13*d**2 - 78*d + 67. Give b(-9).
-284
Let m(d) = d**2 + 115*d + 631. Determine m(-6).
-23
Let u(r) = -54*r**2 - 1514*r - 7. Calculate u(-28).
49
Let d(t) = -128*t + 593. Give d(4).
81
Let i(q) = q**3 + 19*q**2 + 2*q - 282. What is i(-18)?
6
Let p(t) = t**3 + 116*t**2 - 233*t + 387. What is p(-118)?
33
Let d(o) = -o**3 + 27*o**2 - 16*o - 305. Determine d(26).
-45
Let u(l) = l**2 - 758*l - 7687. Give u(-10).
-7
Let t(j) = -3*j**3 - 5*j**2 + 33*j + 221. Calculate t(-6).
491
Let o(a) = 6*a**3 - 2*a**2 + 10*a - 8. Give o(1).
6
Let z(w) = w**3 - 39*w**2 + 27*w + 1741. Give z(37).
2
Let r(c) = -797*c - 4075. Give r(-5).
-90
Let i(k) = -6*k**2 + 10*k. What is i(-1)?
-16
Let a(x) = -358*x - 3929. Give a(-11).
9
Let m(u) = -3*u**3 + u**2 - 17*u - 30. Calculate m(-2).
32
Let s(q) = 102*q**2 - 302*q - 12. Give s(3).
0
Let i(z) = -z**2 - 27*z + 71. Determine i(-27).
71
Let h(v) = -v**3 + 9*v**2 + 322*v - 15. Calculate h(23).
-15
Let g(a) = 9*a**3 + 3*a**2 + 118*a - 121. Calculate g(1).
9
Let v(k) = -k**3 + 2*k**2 + 162*k - 162. Calculate v(12).
342
Let h(s) = 171*s + 1029. Give h(-6).
3
Let n(l) = l**2 - 17*l + 36. Determine n(12).
-24
Let d(k) = 1111*k - 1116. What is d(1)?
-5
Let t(g) = 17*g + 228. What is t(-7)?
109
Let w(f) = 84*f**2 + 4*f + 5. Calculate w(4).
1365
Let t(b) = -240*b - 847. Determine t(-3).
-127
Let r(g) = -g**3 - 11*g**2 + 152*g + 9. What is r(8)?
9
Let n(d) = 13*d + 13. What is n(5)?
78
Let m(y) = -189*y - 178. What is m(-1)?
11
Let j(h) = h**2 - 18188*h + 54553. What is j(3)?
-2
Let x(v) = -3*v**2 + 14*v - 57. Give x(9).
-174
Let a(n) = -8*n**3 - 2*n**2 - 5*n + 2. Determine a(2).
-80
Let n(y) = 52*y**3 + 6*y**2 - 96*y + 90. Give n(1).
52
Let l(p) = 261*p + 34980. Calculate l(-134).
6
Let s(y) = y**3 + 6*y**2 - 20*y + 44. Calculate s(4).
124
Let c(r) = 21*r - 14. Give c(12).
238
Let d(t) = -25*t + 238. Give d(9).
13
Let x(d) = -d**2 + 43*d + 113. Give x(45).
23
Let z(v) = 53*v - 4508. Calculate z(85).
-3
Let k(i) = i**2 - 36*i - 120. Calculate k(41).
85
Let h(c) = -c**2 + 101*c - 565. Calculate h(95).
5
Let t(g) = -32*g + 1267. Calculate t(39).
19
Let n(y) = -y**2 - y + 821. Give n(0).
821
Let g(m) = -4*m**3 + 7*m**2 + 19*m - 14. Calculate g(5).
-244
Let y(p) = -2294*p + 9239. Give y(4).
63
Let t(s) = -39*s**2 + 9009*s + 3. Calculate t(231).
3
Let h(f) = 1145*f - 72100. Determine h(63).
35
Let x(f) = -49*f - 1461. Calculate x(-30).
9
Let p(u) = u**2 - 231*u - 4196. Calculate p(-17).
20
Let t(q) = 1297*q - 5099. What is t(4)?
89
Let s(t) = -4*t**2 - 66*t - 267. Determine s(-5).
-37
Let i(j) = 2*j**3 + 11*j**2 + 8*j + 36. Give i(-6).
-48
Let w(i) = i**3 - 23*i**2 + 112*i + 18. What is w(15)?
-102
Let d(x) = 255*x + 24999. Determine d(-98).
9
Let v(k) = -k**3 - 11*k**2 + k + 101. Give v(-10).
-9
Let o(m) = 2*m**2 + 19*m + 22. Calculate o(-9).
13
Let h(k) = -2*k**3 - 68*k**2 + 44*k + 1492. Calculate h(-34).
-4
Let v(x) = -30*x - 755. Calculate v(-28).
85
Let d(z) = -18*z + 332. Give d(18).
8
Let r(f) = -16*f**2 + 448*f - 395. Give r(27).
37
Let b(a) = -80*a - 244. Give b(-3).
-4
Let i(l) = 5*l**2 - 20*l + 45. Calculate i(2).
25
Let a(v) = v**3 + 13*v**2 + 8*v - 125. Calculate a(-11).
29
Let c(y) = 13*y**2 - 1259*y + 1032. Determine c(96).
-24
Let c(u) = 2*u**2 + 45*u + 12. Give c(-20).
-88
Let o(w) = w**2 - 251*w - 1025. What is o(-4)?
-5
Let a(s) = s**2 + 242*s + 9019. Give a(-46).
3
Let x(n) = 9*n**2 + 315*n + 324. Give x(-34).
18
Let j(g) = -3*g**3 - 24*g**2 + 5. Give j(-8).
5
Let f(t) = t**3 + 26*t**2 - 23*t + 18. Give f(-27).
-90
Let j(t) = -2*t**3 + 19*t**2 + 19*t - 113. Give j(10).
-23
Let v(t) = -3629*t - 7190. Give v(-2).
68
Let n(y) = -y**2 + 555*y - 5435. What is n(10)?
15
Let u(h) = 30*h**2 + 6*h + 1. Give u(1).
37
Let t(u) = -2*u**2 - 8*u + 22. Calculate t(-10).
-98
Let y(c) = 2*c**2 + 148*c + 2661. Give y(-43).
-5
Let c(x) = x**2 + 53*x + 734. Give c(-12).
242
Let v(t) = t**2 - 149*t + 4696. What is v(45)?
16
Let x(u) = 121*u - 3279. Give x(27).
-12
Let s(v) = 4*v**2 - 57*v + 8. Calculate s(8).
-192
Let d(q) = 23*q + 237. Determine d(-11).
-16
Let v(f) = -10*f**3 + 433*f**2 - 940*f - 132. Give v(41).
-9
Let x(o) = 52*o + 98. What is x(-1)?
46
Let d(w) = -w**3 + 8*w**2 + 1688*w + 847. Calculate d(-37).
-4
Let l(g) = -19*g - 309. Give l(-20).
71
Let p(g) = 112*g + 1456. Give p(-14).
-112
Let d(i) = -125*i - 20420. Calculate d(-163).
-45
Let r(y) = 32*y**2 - 49*y + 5. Calculate r(2).
35
Let g(x) = 7*x**2 + 16*x - 105. What is g(5)?
150
Let v(b) = -17513*b + 35031. What is v(2)?
5
Let b(i) = -i**3 + 28*i - 18. Determine b(0).
-18
Let u(h) = -13*h**3 + 200*h**2 + 198*h - 1. What is u(-1)?
14
Let n(m) = 4*m**2 - 119*m + 134. Give n(29).
47
Let c(d) = d**2 - 43*d + 176. Determine c(39).
20
Let v(s) = 2*s**2 + 401*s + 12. What is v(0)?
12
Let k(i) = 75*i + 5. Determine k(0).
5
Let i(z) = z**3 - 10*z**2 - 14*z + 12. Give i(10).
-128
Let l(c) = c**3 - 16*c**2 - 18*c - 27. Determine l(17).
-44
Let c(p) = -p**3 + 46*p**2 + 43*p + 217. Calculate c(47).
29
Let u(l) = -20*l**2 + 253*l + 107. Determine u(13).
16
Let y(h) = -945*h - 11. Give y(0).
-11
Let x(r) = r**2 + 58*r + 542. What is x(-47)?
25
Let u(m) = -4*m**3 - 23*m**2 + 109*m + 595. Give u(-5).
-25
Let f(w) = 2*w**3 - 44*w**2 + 213*w - 42. Calculate f(15).
3
Let r(w) = w**3 - 72*w**2 - 155*w + 129. Calculate r(74).
-389
Let g(d) = -3*d**3 + 12*d**2 + 4*d - 11. Give g(4).
5
Let q(w) = -20*w**3 - w**2 + 206*w + 206. Determine q(-1).
19
Let n(c) = -c**2 - 15*c + 41. Give n(-10).
91
Let x(n) = -7*n**3 - 75*n**2 + 20*n - 4. Calculate x(-11).
18
Let f(t) = -2*t**3 - 22*t**2 - 87*t - 320. Determine f(-8).
-8
Let f(n) = 3*n**3 - 40*n**2 + 107*n + 71. What is f(5)?
-19
Let b(d) = -2*d**2 - 335*d. Give b(0).
0
Let g(f) = -4*f**3 + 13*f**2 + 10*f - 51. Determine g(7).
-716
Let r(p) = 12*p**2 + 111*p - 9. What is r(-7)?
-198
Let o(f) = 40*f**2 - 1201*f + 22. Determine o(30).
-8
Let m(z) = -z**2 + 44*z - 51. Determine m(33).
312
Let w(s) = -s**3 - 8*s**2 + 73*s + 536. Calculate w(-10).
6
Let q(g) = 2*g + 299. Give q(63).
425
Let j(f) = 15*f**2 - 148*f - 125. Calculate j(11).
62
Let t(u) = 66*u - 366. Determine t(4).
-102
Let h(j) = 5*j - 177. Determine h(34).
-7
Let a(d) = -2*d - 70. Give a(-30).
-10
Let f(k) = -k**3 - 31*k**2 - 115*k - 51. Calculate f(-27).
138
Let d(u) = u**3 - 43*u**2 + 41*u - 7. Calculate d(42).
-49
Let d(s) = 3*s**2 + 58*s - 1806. Determine d(-36).
-6
Let s(d) = -2*d**2 - 10*d + 34. Determine s(-12).
-134
Let l(k) = -k**3 + 25*k**2 + 47*k + 22. Calculate l(27).
-167
Let y(f) = f**3 - 39*f**2 + 364*f - 108. Determine y(24).
-12
Let a(y) = -546*y - 1470. Give a(-3).
168
Let v(g) = -70*g**2 - 40*g - 107. Calculate v(-3).
-617
Let s(r) = -r**3 + 19*r**2 + 54*r + 372. Give s(22).
108
Let m(k) = 8*k**3 - 97*k**2 + 10*k + 64. Determine m(12).
40
Let n(a) = -204*a - 4048. Calculate n(-20).
32
Let o(b) = b**3 + 16*b**2 - 159*b - 2408. Determine o(-17).
6
Let l(z) = 3*z**2 + 8*z - 37. Calculate l(-9).
134
Let u(g) = g**2 - 61967*g - 123933. Give u(-2).
5
Let n(q) = 239*q - 2673. Give n(10).
-283
Let a(v) = -v**3 - 39*v**2 - 70*v - 202. What is a(-37)?
-350
Let j(i) = -i**3 + 156*i**2 + 163*i - 981. What is j(157)?
-39
Let d(a) = 194*a + 390. Calculate d(-2).
2
Let j(k) = -1165*k + 12862. Give j(11).
47
Let p(o) = 968*o - 3871. Calculate p(4).
1
Let y(t) = -t**3 + 13*t**2 + 52*t - 536. Calculate y(14).
-